{"id":299,"date":"2024-04-10T23:45:40","date_gmt":"2024-04-10T20:45:40","guid":{"rendered":"https:\/\/ruyaenstitusu.com\/?page_id=299"},"modified":"2025-10-02T23:31:38","modified_gmt":"2025-10-02T20:31:38","slug":"jung-ruya-ve-sinema","status":"publish","type":"page","link":"https:\/\/ruyaenstitusu.com\/?page_id=299","title":{"rendered":"Jungien Semboller, R\u00fcya ve Sinema E\u011fitimi"},"content":{"rendered":"\n<figure class=\"wp-block-image size-full is-resized\"><img fetchpriority=\"high\" decoding=\"async\" width=\"1080\" height=\"1350\" src=\"https:\/\/ruyaenstitusu.com\/wp-content\/uploads\/2025\/10\/Tan-Tolga-1080-x-1350-piksel.png\" alt=\"\" class=\"wp-image-2110\" style=\"width:475px;height:auto\" srcset=\"https:\/\/ruyaenstitusu.com\/wp-content\/uploads\/2025\/10\/Tan-Tolga-1080-x-1350-piksel.png 1080w, https:\/\/ruyaenstitusu.com\/wp-content\/uploads\/2025\/10\/Tan-Tolga-1080-x-1350-piksel-240x300.png 240w, https:\/\/ruyaenstitusu.com\/wp-content\/uploads\/2025\/10\/Tan-Tolga-1080-x-1350-piksel-819x1024.png 819w, https:\/\/ruyaenstitusu.com\/wp-content\/uploads\/2025\/10\/Tan-Tolga-1080-x-1350-piksel-768x960.png 768w\" sizes=\"(max-width: 1080px) 100vw, 1080px\" \/><\/figure>\n\n\n\n<h2 class=\"wp-block-heading\"><\/h2>\n\n\n\n<p>R\u00fcyalar, insan zihninin bilin\u00e7d\u0131\u015f\u0131 d\u00fcnyas\u0131na a\u00e7\u0131lan en g\u00fc\u00e7l\u00fc kap\u0131lardan biridir. Psikolojide bu kap\u0131n\u0131n anahtar\u0131n\u0131 en derinlemesine kullanan isimlerden biri <strong>Carl Gustav Jung<\/strong> olmu\u015ftur. Jung, r\u00fcyalar\u0131n yaln\u0131zca bireysel ya\u015fant\u0131lar\u0131m\u0131z\u0131 de\u011fil, kolektif bilin\u00e7d\u0131\u015f\u0131n\u0131n arketipsel imgelerini de a\u00e7\u0131\u011fa \u00e7\u0131kard\u0131\u011f\u0131n\u0131 savunur. Bu nedenle r\u00fcyalar, bireyin i\u00e7sel d\u00fcnyas\u0131 kadar insanl\u0131\u011f\u0131n ortak deneyimlerini de semboller arac\u0131l\u0131\u011f\u0131yla g\u00f6r\u00fcn\u00fcr k\u0131lar.<\/p>\n\n\n\n<p>Sineman\u0131n dili de t\u0131pk\u0131 r\u00fcyalar gibi sembolik ve imgelerle \u00f6r\u00fcl\u00fcd\u00fcr. Bir film izlerken hissetti\u011fimiz yo\u011fun duygular, g\u00f6rsel metaforlarla kar\u015f\u0131la\u015ft\u0131\u011f\u0131m\u0131zda ya\u015fad\u0131\u011f\u0131m\u0131z \u00e7a\u011fr\u0131\u015f\u0131mlar, asl\u0131nda r\u00fcya mant\u0131\u011f\u0131na olduk\u00e7a yak\u0131nd\u0131r. Sinema, r\u00fcyalar gibi do\u011frudan bilin\u00e7d\u0131\u015f\u0131m\u0131za hitap eder; dramatik yap\u0131lar, arketipler ve sembollerle i\u00e7sel d\u00fcnyam\u0131za dokunur.<\/p>\n\n\n\n<p>\u0130\u015fte bu e\u011fitim, sinemay\u0131 Jung\u2019un psikoloji terimleriyle okumay\u0131 m\u00fcmk\u00fcn k\u0131l\u0131yor. Jungien sembollerin rehberli\u011finde filmleri analiz etmek, yaln\u0131zca film sanat\u0131na yeni bir bak\u0131\u015f a\u00e7\u0131s\u0131 kazand\u0131rmakla kalmaz, ayn\u0131 zamanda r\u00fcyalar\u0131n \u015fifrelerini \u00e7\u00f6zme becerimizi de derinle\u015ftirir. Bu perspektif sayesinde hem sinema hem de r\u00fcya d\u00fcnyas\u0131 daha anla\u015f\u0131l\u0131r ve zengin bir hale gelir.<\/p>\n\n\n\n<p>Y\u00f6netmen ve yazar <strong>Tan Tolga Demirci<\/strong> ile haz\u0131rlanan 6 oturumluk bu \u00f6zel e\u011fitim dizisinde, r\u00fcyalar\u0131n sembolik yap\u0131lar\u0131, film okumalar\u0131 ve sinemada Jungien temsiller ayr\u0131nt\u0131l\u0131 bi\u00e7imde incelenecektir. E\u011fitim sonunda, r\u00fcyalar\u0131 Jungien bak\u0131\u015f a\u00e7\u0131s\u0131yla analiz edebilme ve sineman\u0131n bilin\u00e7d\u0131\u015f\u0131yla kurdu\u011fu ba\u011f\u0131 daha iyi kavrayabilme imk\u00e2n\u0131 bulacaks\u0131n\u0131z.<\/p>\n\n\n\n<p><strong>Ders Program\u0131<\/strong><\/p>\n\n\n\n<ol class=\"wp-block-list\">\n<li>Ders: Jungien R\u00fcya Analizine Dair Notlar<\/li>\n\n\n\n<li>Ders: Serbest \u00c7a\u011fr\u0131\u015f\u0131m, Aktif \u0130majinasyon ve Amplifikasyon Kavramlar\u0131n\u0131n R\u00fcya \u00c7\u00f6z\u00fcm\u00fcne Katk\u0131s\u0131<\/li>\n\n\n\n<li>Ders: R\u00fcyay\u0131 Olu\u015fturan Dramatik Yap\u0131lar ve Diyosk\u00fcrik Ego Kuram\u0131<\/li>\n\n\n\n<li>Ders: Tematik R\u00fcyalar (Kabuslar, Epik R\u00fcyalar, Sahte Uyan\u0131kl\u0131k R\u00fcyalar\u0131)<\/li>\n\n\n\n<li>Ders: Tematik R\u00fcyalar (Haberci R\u00fcyalar, Hipnagojik R\u00fcyalar, Ortak R\u00fcyalar)<\/li>\n\n\n\n<li>Ders: Tematik R\u00fcyalar (Terk Edilmi\u015flik, Kilise, T\u0131rmanma, K\u00f6pr\u00fc, Bo\u011fa vs.)<\/li>\n<\/ol>\n\n\n\n<p><\/p>\n\n\n\n<p>Tan Tolga Demirci\u2019nin anlat\u0131m tarz\u0131n\u0131 \u00f6rneklemek i\u00e7in a\u015fa\u011f\u0131da payla\u015faca\u011f\u0131m\u0131z bir video dersine de g\u00f6z atabilirsiniz.<\/p>\n\n\n\n<h3 class=\"wp-block-heading\">E\u011fitim Detaylar\u0131<\/h3>\n\n\n\n<ul class=\"wp-block-list\">\n<li><strong>Tarih:<\/strong> 9 Ekim &#8211; 13 Kas\u0131m 2025 | Her Per\u015fembe<\/li>\n\n\n\n<li><strong>Saat:<\/strong> 20.00 \u2013 23.00 | 6 Oturum<\/li>\n\n\n\n<li><strong>Platform:<\/strong> Zoom<\/li>\n\n\n\n<li><strong>\u0130leti\u015fim:<\/strong> <a>enstituruya@gmail.com<\/a><\/li>\n<\/ul>\n\n\n\n<h3 class=\"wp-block-heading\">Kat\u0131l\u0131m ve Kay\u0131t<\/h3>\n\n\n\n<ul class=\"wp-block-list\">\n<li>Kat\u0131l\u0131m belgesi verilecektir.<\/li>\n\n\n\n<li>Dersler, 2 ay boyunca kay\u0131ttan izlenebilecektir.<\/li>\n\n\n\n<li>Sinema, psikoloji ve r\u00fcyalara ilgi duyan herkes kat\u0131labilir.<\/li>\n<\/ul>\n\n\n\n<h3 class=\"wp-block-heading\">\u00dccretlendirme<\/h3>\n\n\n\n<ul class=\"wp-block-list\">\n<li><strong>\u00dccret:<\/strong> 4000 TL<\/li>\n\n\n\n<li>\u00d6demeler yaln\u0131zca havale yoluyla yap\u0131l\u0131r.<\/li>\n\n\n\n<li>Kay\u0131t i\u00e7in a\u015fa\u011f\u0131daki formu doldurabilirsiniz.<\/li>\n<\/ul>\n\n\n\n<div class=\"wp-block-buttons is-layout-flex wp-block-buttons-is-layout-flex\">\n<div class=\"wp-block-button is-style-primary\"><a class=\"wp-block-button__link wp-element-button\" href=\"https:\/\/forms.gle\/3T5Sx3Z5kRrXmgxz6\">Kay\u0131t Formu<\/a><\/div>\n<\/div>\n\n\n\n<p><\/p>\n\n\n\n<div class=\"wp-block-media-text alignwide is-stacked-on-mobile has-background\" style=\"background-color:#edc1ba;grid-template-columns:21% auto\"><figure class=\"wp-block-media-text__media\"><img decoding=\"async\" width=\"658\" height=\"1024\" src=\"https:\/\/ruyaenstitusu.com\/wp-content\/uploads\/2024\/10\/WhatsApp-Image-2024-10-28-at-15.05.44-658x1024.jpeg\" alt=\"\" class=\"wp-image-1037 size-full\" srcset=\"https:\/\/ruyaenstitusu.com\/wp-content\/uploads\/2024\/10\/WhatsApp-Image-2024-10-28-at-15.05.44-658x1024.jpeg 658w, https:\/\/ruyaenstitusu.com\/wp-content\/uploads\/2024\/10\/WhatsApp-Image-2024-10-28-at-15.05.44-193x300.jpeg 193w, https:\/\/ruyaenstitusu.com\/wp-content\/uploads\/2024\/10\/WhatsApp-Image-2024-10-28-at-15.05.44-768x1195.jpeg 768w, https:\/\/ruyaenstitusu.com\/wp-content\/uploads\/2024\/10\/WhatsApp-Image-2024-10-28-at-15.05.44-987x1536.jpeg 987w, https:\/\/ruyaenstitusu.com\/wp-content\/uploads\/2024\/10\/WhatsApp-Image-2024-10-28-at-15.05.44.jpeg 1028w\" sizes=\"(max-width: 658px) 100vw, 658px\" \/><\/figure><div class=\"wp-block-media-text__content\">\n<h2 class=\"wp-block-heading\"><strong>E\u011fitmen Tan Tolga Demirci<\/strong><\/h2>\n\n\n\n<p>Tan Tolga Demirci (d. 31 Aral\u0131k 1974, \u0130stanbul), T\u00fcrk film y\u00f6netmeni ve yazar. \u0130lk ve orta\u00f6\u011fretimi Bursa\u2019da yapt\u0131. 1992 y\u0131l\u0131nda Bursa Erkek Lisesi&#8217;nden mezun oldu. Ayn\u0131 y\u0131l girdi\u011fi Dokuz Eyl\u00fcl \u00dcniversitesi G\u00fczel Sanatlar Fak\u00fcltesi G\u00f6r\u00fcnt\u00fc Y\u00f6netmenli\u011fi b\u00f6l\u00fcm\u00fcnden 1996 y\u0131l\u0131nda Korku Sinemas\u0131\u2019n\u0131n Psikanalizi bitirme tezi ile mezun oldu. <\/p>\n\n\n\n<p>Bu tezi 2006 y\u0131l\u0131nda kitap h\u00e2line getirildi. Kadir Has \u00dcniversitesinden D\u00fcnya Sinemas\u0131nda S\u00fcrrealizmin \u0130zleri isimli tezi ile MA derecesini alan Demirci, ayn\u0131 \u00fcniversitede Experimental Film dersi vermi\u015ftir. Ayn\u0131 zamanda Psikeart dergisinde yazarl\u0131k yapmaktad\u0131r. Demirci, 3 y\u0131ld\u0131r R\u00fcya Enstit\u00fcs\u00fc&#8217;nde r\u00fcya ve sinema ili\u015fkisini anlatan e\u011fitimler vermektedir.<\/p>\n\n\n\n<p>Tan Tolga Demirci&#8217;nin \u00f6rnek bir dersini a\u015fa\u011f\u0131daki videodan izleyebilirsiniz.<\/p>\n<\/div><\/div>\n\n\n\n<p><\/p>\n\n\n\n<p><\/p>\n\n\n\n<div class=\"wp-block-columns alignwide is-layout-flex wp-container-core-columns-is-layout-1 wp-block-columns-is-layout-flex\">\n<div class=\"wp-block-column is-layout-flow wp-block-column-is-layout-flow\">\n<figure class=\"wp-block-embed alignwide is-type-video is-provider-youtube wp-block-embed-youtube wp-embed-aspect-16-9 wp-has-aspect-ratio\"><div class=\"wp-block-embed__wrapper\">\n<div class=\"nv-iframe-embed\"><iframe title=\"Sinemada R\u00fcya Temsillerine Freud\u2019yen Yakla\u015f\u0131m | Tan Tolga Demirci\" width=\"1200\" height=\"675\" src=\"https:\/\/www.youtube.com\/embed\/jaQCXkZMlMM?feature=oembed\" frameborder=\"0\" allow=\"accelerometer; autoplay; clipboard-write; encrypted-media; gyroscope; picture-in-picture; web-share\" referrerpolicy=\"strict-origin-when-cross-origin\" allowfullscreen><\/iframe><\/div>\n<\/div><\/figure>\n<\/div>\n\n\n\n<div class=\"wp-block-column is-vertically-aligned-center is-layout-flow wp-block-column-is-layout-flow\">\n<h2 class=\"wp-block-heading\">Sinemada R\u00fcya Temsillerine Freud\u2019yen Yakla\u015f\u0131m | Tan Tolga Demirci<\/h2>\n\n\n\n<p>R\u00fcyalar, sineman\u0131n en b\u00fcy\u00fcleyici anlat\u0131 ara\u00e7lar\u0131ndan biridir. Freud\u2019un psikanalitik kuram\u0131, r\u00fcyalarda gizlenen bilin\u00e7d\u0131\u015f\u0131 arzular\u0131n ve bast\u0131r\u0131lm\u0131\u015f duygular\u0131n sinemasal temsillerini nas\u0131l \u015fekillendirdi? Bu videoda, y\u00f6netmen ve akademisyen Tan Tolga Demirci, Freud\u2019un r\u00fcya kuramlar\u0131n\u0131 temel alarak sinemadaki r\u00fcya sahnelerini \u00e7\u00f6z\u00fcml\u00fcyor. D\u00fc\u015flerin yorumu, bilin\u00e7d\u0131\u015f\u0131 s\u00fcre\u00e7ler, r\u00fcya mekanizmalar\u0131, semboller ve bast\u0131r\u0131lm\u0131\u015f arzular\u0131n sinematografik kar\u015f\u0131l\u0131klar\u0131 sinemadan \u00e7arp\u0131c\u0131 r\u00fcya sekanslar\u0131 e\u015fli\u011finde bu konu\u015fmada derinlemesine inceleniyor. <\/p>\n<\/div>\n<\/div>\n\n\n\n<p><\/p>\n","protected":false},"excerpt":{"rendered":"<p>R\u00fcyalar, insan zihninin bilin\u00e7d\u0131\u015f\u0131 d\u00fcnyas\u0131na a\u00e7\u0131lan en g\u00fc\u00e7l\u00fc kap\u0131lardan biridir. Psikolojide bu kap\u0131n\u0131n anahtar\u0131n\u0131 en derinlemesine kullanan isimlerden biri Carl Gustav Jung olmu\u015ftur. Jung, r\u00fcyalar\u0131n yaln\u0131zca bireysel ya\u015fant\u0131lar\u0131m\u0131z\u0131 de\u011fil, kolektif bilin\u00e7d\u0131\u015f\u0131n\u0131n arketipsel imgelerini de a\u00e7\u0131\u011fa \u00e7\u0131kard\u0131\u011f\u0131n\u0131 savunur. Bu nedenle r\u00fcyalar, bireyin i\u00e7sel d\u00fcnyas\u0131 kadar insanl\u0131\u011f\u0131n ortak deneyimlerini de semboller arac\u0131l\u0131\u011f\u0131yla g\u00f6r\u00fcn\u00fcr k\u0131lar. Sineman\u0131n dili de&hellip;&nbsp;<a href=\"https:\/\/ruyaenstitusu.com\/?page_id=299\" rel=\"bookmark\">Daha fazlas\u0131n\u0131 oku &raquo;<span class=\"screen-reader-text\">Jungien Semboller, R\u00fcya ve Sinema E\u011fitimi<\/span><\/a><\/p>\n","protected":false},"author":1,"featured_media":0,"parent":0,"menu_order":0,"comment_status":"closed","ping_status":"closed","template":"","meta":{"neve_meta_sidebar":"","neve_meta_container":"","neve_meta_enable_content_width":"","neve_meta_content_width":0,"neve_meta_title_alignment":"","neve_meta_author_avatar":"","neve_post_elements_order":"","neve_meta_disable_header":"","neve_meta_disable_footer":"","neve_meta_disable_title":"","ngg_post_thumbnail":0,"footnotes":""},"class_list":["post-299","page","type-page","status-publish","hentry"],"yoast_head":"<!-- This site is optimized with the Yoast SEO plugin v24.7 - https:\/\/yoast.com\/wordpress\/plugins\/seo\/ -->\n<title>Jungien Semboller, R\u00fcya ve Sinema E\u011fitimi - R\u00fcya Enstit\u00fcs\u00fc<\/title>\n<meta name=\"description\" content=\"Jung&#039;un Analitik Psikoloji Kuram\u0131 \u00e7er\u00e7evesinde r\u00fcya sembollerini ve sinema filmlerini derinlemesine inceleyen bir programd\u0131r.\" \/>\n<meta name=\"robots\" content=\"index, follow, max-snippet:-1, max-image-preview:large, max-video-preview:-1\" \/>\n<link rel=\"canonical\" href=\"https:\/\/ruyaenstitusu.com\/?page_id=299\" \/>\n<meta property=\"og:locale\" content=\"tr_TR\" \/>\n<meta property=\"og:locale:alternate\" content=\"en_US\" \/>\n<meta property=\"og:type\" content=\"article\" \/>\n<meta property=\"og:title\" content=\"Jungien Semboller, R\u00fcya ve Sinema E\u011fitimi\" \/>\n<meta property=\"og:description\" content=\"Jung&#039;un Analitik Psikoloji Kuram\u0131 \u00e7er\u00e7evesinde r\u00fcya sembollerini ve sinema filmlerini derinlemesine inceleyen bir programd\u0131r.\" \/>\n<meta property=\"og:url\" content=\"https:\/\/ruyaenstitusu.com\/?page_id=299\" \/>\n<meta property=\"og:site_name\" content=\"R\u00fcya Enstit\u00fcs\u00fc\" \/>\n<meta property=\"article:modified_time\" content=\"2025-10-02T20:31:38+00:00\" \/>\n<meta property=\"og:image\" content=\"https:\/\/ruyaenstitusu.com\/wp-content\/uploads\/2025\/10\/Tan-Tolga-1080-x-1350-piksel.png\" \/>\n\t<meta property=\"og:image:width\" content=\"1080\" \/>\n\t<meta property=\"og:image:height\" content=\"1350\" \/>\n\t<meta property=\"og:image:type\" content=\"image\/png\" \/>\n<meta name=\"twitter:card\" content=\"summary_large_image\" \/>\n<meta name=\"twitter:label1\" content=\"Tahmini okuma s\u00fcresi\" \/>\n\t<meta name=\"twitter:data1\" content=\"4 dakika\" \/>\n<script type=\"application\/ld+json\" class=\"yoast-schema-graph\">{\"@context\":\"https:\/\/schema.org\",\"@graph\":[{\"@type\":\"WebPage\",\"@id\":\"https:\/\/ruyaenstitusu.com\/?page_id=299\",\"url\":\"https:\/\/ruyaenstitusu.com\/?page_id=299\",\"name\":\"Jungien Semboller, R\u00fcya ve Sinema E\u011fitimi\",\"isPartOf\":{\"@id\":\"https:\/\/ruyaenstitusu.com\/#website\"},\"primaryImageOfPage\":{\"@id\":\"https:\/\/ruyaenstitusu.com\/?page_id=299#primaryimage\"},\"image\":{\"@id\":\"https:\/\/ruyaenstitusu.com\/?page_id=299#primaryimage\"},\"thumbnailUrl\":\"https:\/\/ruyaenstitusu.com\/wp-content\/uploads\/2025\/10\/Tan-Tolga-1080-x-1350-piksel.png\",\"datePublished\":\"2024-04-10T20:45:40+00:00\",\"dateModified\":\"2025-10-02T20:31:38+00:00\",\"description\":\"Jung'un Analitik Psikoloji Kuram\u0131 \u00e7er\u00e7evesinde r\u00fcya sembollerini ve sinema filmlerini derinlemesine inceleyen bir programd\u0131r.\",\"breadcrumb\":{\"@id\":\"https:\/\/ruyaenstitusu.com\/?page_id=299#breadcrumb\"},\"inLanguage\":\"tr-TR\",\"potentialAction\":[{\"@type\":\"ReadAction\",\"target\":[\"https:\/\/ruyaenstitusu.com\/?page_id=299\"]}]},{\"@type\":\"ImageObject\",\"inLanguage\":\"tr-TR\",\"@id\":\"https:\/\/ruyaenstitusu.com\/?page_id=299#primaryimage\",\"url\":\"https:\/\/ruyaenstitusu.com\/wp-content\/uploads\/2025\/10\/Tan-Tolga-1080-x-1350-piksel.png\",\"contentUrl\":\"https:\/\/ruyaenstitusu.com\/wp-content\/uploads\/2025\/10\/Tan-Tolga-1080-x-1350-piksel.png\",\"width\":1080,\"height\":1350},{\"@type\":\"BreadcrumbList\",\"@id\":\"https:\/\/ruyaenstitusu.com\/?page_id=299#breadcrumb\",\"itemListElement\":[{\"@type\":\"ListItem\",\"position\":1,\"name\":\"Anasayfa\",\"item\":\"https:\/\/ruyaenstitusu.com\/\"},{\"@type\":\"ListItem\",\"position\":2,\"name\":\"Jungien Semboller, R\u00fcya ve Sinema E\u011fitimi\"}]},{\"@type\":\"WebSite\",\"@id\":\"https:\/\/ruyaenstitusu.com\/#website\",\"url\":\"https:\/\/ruyaenstitusu.com\/\",\"name\":\"R\u00fcya Enstit\u00fcs\u00fc\",\"description\":\"Psikolojide R\u00fcya \u00c7al\u0131\u015fmalar\u0131\u0131\",\"publisher\":{\"@id\":\"https:\/\/ruyaenstitusu.com\/#organization\"},\"potentialAction\":[{\"@type\":\"SearchAction\",\"target\":{\"@type\":\"EntryPoint\",\"urlTemplate\":\"https:\/\/ruyaenstitusu.com\/?s={search_term_string}\"},\"query-input\":{\"@type\":\"PropertyValueSpecification\",\"valueRequired\":true,\"valueName\":\"search_term_string\"}}],\"inLanguage\":\"tr-TR\"},{\"@type\":\"Organization\",\"@id\":\"https:\/\/ruyaenstitusu.com\/#organization\",\"name\":\"R\u00fcya Enstit\u00fcs\u00fc\",\"url\":\"https:\/\/ruyaenstitusu.com\/\",\"logo\":{\"@type\":\"ImageObject\",\"inLanguage\":\"tr-TR\",\"@id\":\"https:\/\/ruyaenstitusu.com\/#\/schema\/logo\/image\/\",\"url\":\"https:\/\/ruyaenstitusu.com\/wp-content\/uploads\/2024\/03\/cropped-Logo.png\",\"contentUrl\":\"https:\/\/ruyaenstitusu.com\/wp-content\/uploads\/2024\/03\/cropped-Logo.png\",\"width\":1080,\"height\":719,\"caption\":\"R\u00fcya Enstit\u00fcs\u00fc\"},\"image\":{\"@id\":\"https:\/\/ruyaenstitusu.com\/#\/schema\/logo\/image\/\"},\"sameAs\":[\"https:\/\/www.instagram.com\/ruyaenstitusu\/\"]}]}<\/script>\n<!-- \/ Yoast SEO plugin. -->","yoast_head_json":{"title":"Jungien Semboller, R\u00fcya ve Sinema E\u011fitimi - R\u00fcya Enstit\u00fcs\u00fc","description":"Jung'un Analitik Psikoloji Kuram\u0131 \u00e7er\u00e7evesinde r\u00fcya sembollerini ve sinema filmlerini derinlemesine inceleyen bir programd\u0131r.","robots":{"index":"index","follow":"follow","max-snippet":"max-snippet:-1","max-image-preview":"max-image-preview:large","max-video-preview":"max-video-preview:-1"},"canonical":"https:\/\/ruyaenstitusu.com\/?page_id=299","og_locale":"tr_TR","og_type":"article","og_title":"[:tr]Jungien Semboller, R\u00fcya ve Sinema E\u011fitimi[:] - R\u00fcya Enstit\u00fcs\u00fc","og_description":"[:tr]Jung'un Analitik Psikoloji Kuram\u0131 \u00e7er\u00e7evesinde r\u00fcya sembollerini ve sinema filmlerini derinlemesine inceleyen bir programd\u0131r.[:]","og_url":"https:\/\/ruyaenstitusu.com\/?page_id=299","og_site_name":"R\u00fcya Enstit\u00fcs\u00fc","article_modified_time":"2025-10-02T20:31:38+00:00","og_image":[{"width":1080,"height":1350,"url":"https:\/\/ruyaenstitusu.com\/wp-content\/uploads\/2025\/10\/Tan-Tolga-1080-x-1350-piksel.png","type":"image\/png"}],"twitter_card":"summary_large_image","twitter_misc":{"Tahmini okuma s\u00fcresi":"4 dakika"},"schema":{"@context":"https:\/\/schema.org","@graph":[{"@type":"WebPage","@id":"https:\/\/ruyaenstitusu.com\/?page_id=299","url":"https:\/\/ruyaenstitusu.com\/?page_id=299","name":"Jungien Semboller, R\u00fcya ve Sinema E\u011fitimi","isPartOf":{"@id":"https:\/\/ruyaenstitusu.com\/#website"},"primaryImageOfPage":{"@id":"https:\/\/ruyaenstitusu.com\/?page_id=299#primaryimage"},"image":{"@id":"https:\/\/ruyaenstitusu.com\/?page_id=299#primaryimage"},"thumbnailUrl":"https:\/\/ruyaenstitusu.com\/wp-content\/uploads\/2025\/10\/Tan-Tolga-1080-x-1350-piksel.png","datePublished":"2024-04-10T20:45:40+00:00","dateModified":"2025-10-02T20:31:38+00:00","description":"Jung'un Analitik Psikoloji Kuram\u0131 \u00e7er\u00e7evesinde r\u00fcya sembollerini ve sinema filmlerini derinlemesine inceleyen bir programd\u0131r.","breadcrumb":{"@id":"https:\/\/ruyaenstitusu.com\/?page_id=299#breadcrumb"},"inLanguage":"tr-TR","potentialAction":[{"@type":"ReadAction","target":["https:\/\/ruyaenstitusu.com\/?page_id=299"]}]},{"@type":"ImageObject","inLanguage":"tr-TR","@id":"https:\/\/ruyaenstitusu.com\/?page_id=299#primaryimage","url":"https:\/\/ruyaenstitusu.com\/wp-content\/uploads\/2025\/10\/Tan-Tolga-1080-x-1350-piksel.png","contentUrl":"https:\/\/ruyaenstitusu.com\/wp-content\/uploads\/2025\/10\/Tan-Tolga-1080-x-1350-piksel.png","width":1080,"height":1350},{"@type":"BreadcrumbList","@id":"https:\/\/ruyaenstitusu.com\/?page_id=299#breadcrumb","itemListElement":[{"@type":"ListItem","position":1,"name":"Anasayfa","item":"https:\/\/ruyaenstitusu.com\/"},{"@type":"ListItem","position":2,"name":"Jungien Semboller, R\u00fcya ve Sinema E\u011fitimi"}]},{"@type":"WebSite","@id":"https:\/\/ruyaenstitusu.com\/#website","url":"https:\/\/ruyaenstitusu.com\/","name":"R\u00fcya Enstit\u00fcs\u00fc","description":"Psikolojide R\u00fcya \u00c7al\u0131\u015fmalar\u0131\u0131","publisher":{"@id":"https:\/\/ruyaenstitusu.com\/#organization"},"potentialAction":[{"@type":"SearchAction","target":{"@type":"EntryPoint","urlTemplate":"https:\/\/ruyaenstitusu.com\/?s={search_term_string}"},"query-input":{"@type":"PropertyValueSpecification","valueRequired":true,"valueName":"search_term_string"}}],"inLanguage":"tr-TR"},{"@type":"Organization","@id":"https:\/\/ruyaenstitusu.com\/#organization","name":"R\u00fcya Enstit\u00fcs\u00fc","url":"https:\/\/ruyaenstitusu.com\/","logo":{"@type":"ImageObject","inLanguage":"tr-TR","@id":"https:\/\/ruyaenstitusu.com\/#\/schema\/logo\/image\/","url":"https:\/\/ruyaenstitusu.com\/wp-content\/uploads\/2024\/03\/cropped-Logo.png","contentUrl":"https:\/\/ruyaenstitusu.com\/wp-content\/uploads\/2024\/03\/cropped-Logo.png","width":1080,"height":719,"caption":"R\u00fcya Enstit\u00fcs\u00fc"},"image":{"@id":"https:\/\/ruyaenstitusu.com\/#\/schema\/logo\/image\/"},"sameAs":["https:\/\/www.instagram.com\/ruyaenstitusu\/"]}]}},"_links":{"self":[{"href":"https:\/\/ruyaenstitusu.com\/index.php?rest_route=\/wp\/v2\/pages\/299","targetHints":{"allow":["GET"]}}],"collection":[{"href":"https:\/\/ruyaenstitusu.com\/index.php?rest_route=\/wp\/v2\/pages"}],"about":[{"href":"https:\/\/ruyaenstitusu.com\/index.php?rest_route=\/wp\/v2\/types\/page"}],"author":[{"embeddable":true,"href":"https:\/\/ruyaenstitusu.com\/index.php?rest_route=\/wp\/v2\/users\/1"}],"replies":[{"embeddable":true,"href":"https:\/\/ruyaenstitusu.com\/index.php?rest_route=%2Fwp%2Fv2%2Fcomments&post=299"}],"version-history":[{"count":40,"href":"https:\/\/ruyaenstitusu.com\/index.php?rest_route=\/wp\/v2\/pages\/299\/revisions"}],"predecessor-version":[{"id":2111,"href":"https:\/\/ruyaenstitusu.com\/index.php?rest_route=\/wp\/v2\/pages\/299\/revisions\/2111"}],"wp:attachment":[{"href":"https:\/\/ruyaenstitusu.com\/index.php?rest_route=%2Fwp%2Fv2%2Fmedia&parent=299"}],"curies":[{"name":"wp","href":"https:\/\/api.w.org\/{rel}","templated":true}]}}