{"id":2468,"date":"2026-01-26T12:02:46","date_gmt":"2026-01-26T09:02:46","guid":{"rendered":"https:\/\/ruyaenstitusu.com\/?page_id=2468"},"modified":"2026-02-03T18:08:01","modified_gmt":"2026-02-03T15:08:01","slug":"oneirocritica-ruya-arastirmalari-dergisi","status":"publish","type":"page","link":"https:\/\/ruyaenstitusu.com\/?page_id=2468","title":{"rendered":"ONEIROCRITICA: R\u00fcya Ara\u015ft\u0131rmalar\u0131 Dergisi"},"content":{"rendered":"\n<figure class=\"wp-block-image size-large is-resized\"><img fetchpriority=\"high\" decoding=\"async\" width=\"819\" height=\"1024\" src=\"https:\/\/ruyaenstitusu.com\/wp-content\/uploads\/2026\/01\/Oneirocritica-Dergi-1-819x1024.png\" alt=\"\" class=\"wp-image-2492\" style=\"width:487px;height:auto\" srcset=\"https:\/\/ruyaenstitusu.com\/wp-content\/uploads\/2026\/01\/Oneirocritica-Dergi-1-819x1024.png 819w, https:\/\/ruyaenstitusu.com\/wp-content\/uploads\/2026\/01\/Oneirocritica-Dergi-1-240x300.png 240w, https:\/\/ruyaenstitusu.com\/wp-content\/uploads\/2026\/01\/Oneirocritica-Dergi-1-768x960.png 768w, https:\/\/ruyaenstitusu.com\/wp-content\/uploads\/2026\/01\/Oneirocritica-Dergi-1.png 1080w\" sizes=\"(max-width: 819px) 100vw, 819px\" \/><\/figure>\n\n\n\n<p><strong>Oneirocritica: R\u00fcya Ara\u015ft\u0131rmalar\u0131 Dergisi<\/strong>, r\u00fcyay\u0131 yaln\u0131zca bireysel bir deneyim ya da klinik bir veri olarak de\u011fil; k\u00fclt\u00fcr, bellek, dil, tarih ve bilin\u00e7le i\u00e7 i\u00e7e ge\u00e7mi\u015f \u00e7ok katmanl\u0131 bir olgu olarak ele alan disiplinleraras\u0131 bir akademik dergidir.<\/p>\n\n\n\n<p>Ad\u0131n\u0131, M.S. 2. y\u00fczy\u0131lda ya\u015fam\u0131\u015f r\u00fcya yorumcusu <strong>Artemidorus\u2019un <em>Oneirocritica<\/em> <\/strong>adl\u0131 eserinden<strong> <\/strong>alan dergi, antik \u00e7a\u011fdan g\u00fcn\u00fcm\u00fcze uzanan r\u00fcya d\u00fc\u015f\u00fcncesi gelene\u011fini \u00e7a\u011fda\u015f ara\u015ft\u0131rma yakla\u015f\u0131mlar\u0131yla bulu\u015fturmay\u0131 ama\u00e7lar. Artemidorus\u2019un Anadolu co\u011frafyas\u0131nda \u015fekillenen r\u00fcya derlemeleri, r\u00fcyalar\u0131n yaln\u0131zca bireysel de\u011fil, toplumsal ve k\u00fclt\u00fcrel ba\u011flam i\u00e7inde de anlam kazand\u0131\u011f\u0131n\u0131 g\u00f6steren erken \u00f6rneklerdendir. Bu tarihsel miras, Oneirocritica\u2019n\u0131n d\u00fc\u015f\u00fcnsel zeminini olu\u015fturur.<\/p>\n\n\n\n<p>R\u00fcya, dergimizde kat\u0131 kategorilerle s\u0131n\u0131fland\u0131r\u0131lm\u0131\u015f bir bilin\u00e7 \u00fcr\u00fcn\u00fc olarak de\u011fil; uyan\u0131kl\u0131k, hayal, bellek ve duygulan\u0131m aras\u0131nda sal\u0131nan bir bilin\u00e7 spektrumu olarak ele al\u0131n\u0131r. Kabuslar, tekrarlayan r\u00fcyalar, ge\u00e7i\u015f r\u00fcyalar\u0131; kadim \u00f6\u011fretilerde r\u00fcyan\u0131n yeri, modern psikoloji ve n\u00f6robilim yakla\u015f\u0131mlar\u0131yla birlikte d\u00fc\u015f\u00fcn\u00fcl\u00fcr. K\u00fclt\u00fcrel anlat\u0131lar, mitler, edebi metinler ve s\u00f6zl\u00fc gelenekler, r\u00fcyan\u0131n kolektif bellekle ili\u015fkisini anlamak i\u00e7in temel ba\u015fvuru alanlar\u0131d\u0131r.<\/p>\n\n\n\n<p>Oneirocritica; <strong>psikoloji, psikiyatri, n\u00f6robilim, antropoloji, felsefe, sosyoloji, k\u00fclt\u00fcrel \u00e7al\u0131\u015fmalar, bellek, dil bilim, tarih, edebiyat ve sanat<\/strong> \u00e7al\u0131\u015fmalar\u0131 gibi farkl\u0131 disiplinlerden r\u00fcya odakl\u0131 kavramsal, teorik ve uygulamal\u0131 \u00e7al\u0131\u015fmalara a\u00e7\u0131kt\u0131r. Dergi, r\u00fcyay\u0131 indirgemeci a\u00e7\u0131klamalardan uzak, \u00e7o\u011fulcu ve ele\u015ftirel bir bak\u0131\u015fla ele almay\u0131 hedefler.<\/p>\n\n\n\n<p class=\"has-text-align-left\"><strong>ONEIROCRITICA: R\u00fcya Ara\u015ft\u0131rmalar\u0131 Dergisi<\/strong> <strong>Yay\u0131n Kurulu<\/strong><\/p>\n\n\n\n<p class=\"has-text-align-left\"><strong>Genel Yay\u0131n Y\u00f6netmeni<\/strong><br>Ali R\u0131za Duru<br><strong>Edit\u00f6rler<\/strong><br>Ceren Ayd\u0131n &#8211; Meltem Suba\u015f\u0131 &#8211; G\u00f6zde Sancak<br><strong>Koordinasyon<\/strong><br>Abella Gamze Ayd\u0131n &#8211; Arzu Tambulut<br><strong>Edit\u00f6ryal Dan\u0131\u015fma Kurulu<\/strong><br>Prof.Dr. Hakan Atalay &#8211; Prof.Dr. \u0130smail Gezgin &#8211; Prof.Dr. Song\u00fcl Aslan &#8211; Prof.Dr. Erdem Sar\u0131kaya &#8211; Do\u00e7.Dr. Mustafa Dan\u0131\u015fman &#8211; Do\u00e7.Dr. Feyza Ceyhan Co\u015ftu &#8211; Dr. \u00d6zg\u00fcr \u00d6\u011f\u00fctcen, Do\u00e7.Dr. Selen Korad Birkiye &#8211; Do\u00e7. Dr. Damla Can &#8211; Noa H. Duru &#8211; Tan Tolga Demirci<\/p>\n\n\n\n<p>ONEIROCRITICA, r\u00fcyalar\u0131 psikoloji, psikiyatri, n\u00f6robilim, felsefe, antropoloji, mitoloji, k\u00fclt\u00fcrel \u00e7al\u0131\u015fmalar ve ilgili disiplinler ba\u011flam\u0131nda ele alan elektronik ortamda s\u00fcreli (y\u0131lda 1 kez) yay\u0131nlanan akademik, disiplinler aras\u0131, hakemli ve a\u00e7\u0131k eri\u015fimli bir dergidir. Yay\u0131mlanan t\u00fcm makalelere R\u00fcya Enstit\u00fcs\u00fc\u2019n\u00fcn internet sitesi \u00fczerinden \u00fccretsiz ve s\u0131n\u0131rs\u0131z eri\u015fim sa\u011flan\u0131r. <\/p>\n\n\n\n<p>G\u00f6nderilen \u00e7al\u0131\u015fmalar daha \u00f6nce yay\u0131mlanmam\u0131\u015f olmal\u0131 veya ba\u015fka bir dergide de\u011ferlendirme s\u00fcrecinde olmamal\u0131d\u0131r. <\/p>\n\n\n\n<h4 class=\"wp-block-heading\"><strong>1. Makale T\u00fcrleri<\/strong><\/h4>\n\n\n\n<p>Dergide a\u015fa\u011f\u0131daki t\u00fcrde \u00e7al\u0131\u015fmalara yer verilir:<\/p>\n\n\n\n<ul class=\"wp-block-list\">\n<li>Ara\u015ft\u0131rma makaleleri ve literat\u00fcr de\u011ferlendirmeleri<\/li>\n\n\n\n<li>Kuramsal ve kavramsal tart\u0131\u015fmalar<\/li>\n\n\n\n<li>Disiplinler aras\u0131 incelemeler<\/li>\n\n\n\n<li>Alan ara\u015ft\u0131rmalar\u0131 ve vaka analizleri<\/li>\n\n\n\n<li>Kitap De\u011ferlendirmesi<\/li>\n<\/ul>\n\n\n\n<h4 class=\"wp-block-heading\"><strong>2. Kelime Say\u0131s\u0131<\/strong><\/h4>\n\n\n\n<figure class=\"wp-block-table\"><table class=\"has-fixed-layout\"><tbody><tr><td><strong>Makale T\u00fcr\u00fc<\/strong><\/td><td><strong>Kelime Aral\u0131\u011f\u0131 (Kaynak\u00e7a hari\u00e7)&nbsp;<\/strong><\/td><\/tr><tr><td>Ara\u015ft\u0131rma Makalesi<\/td><td>6.000 \u2013 9.000<\/td><\/tr><tr><td>Kuramsal \/ Derleme<\/td><td>5.000 \u2013 8.000<\/td><\/tr><tr><td>Disiplinler Aras\u0131 Yaz\u0131<\/td><td>4.000 \u2013 7.000<\/td><\/tr><tr><td>Vaka Analizleri<\/td><td>3.000 \u2013 5.000<\/td><\/tr><tr><td>Kitap De\u011ferlendirmesi<\/td><td>1.000 \u2013 2.000<\/td><\/tr><\/tbody><\/table><\/figure>\n\n\n\n<h2 class=\"wp-block-heading\"><\/h2>\n\n\n\n<h4 class=\"wp-block-heading\"><strong>3. Sayfa D\u00fczeni ve Yaz\u0131 Tipi<\/strong><\/h4>\n\n\n\n<ul class=\"wp-block-list\">\n<li>Dosya format\u0131: <strong>Microsoft Word (.docx)<\/strong><\/li>\n\n\n\n<li>Sayfa boyutu: A4<\/li>\n\n\n\n<li>Kenar bo\u015fluklar\u0131: 2,5 cm (her kenar)<\/li>\n\n\n\n<li>Ana metin: <strong>Times New Roman, 12 punto<\/strong><\/li>\n\n\n\n<li>Sat\u0131r aral\u0131\u011f\u0131: <strong>1,5<\/strong><\/li>\n\n\n\n<li>Paragraf ba\u015f\u0131 girintisi<\/li>\n\n\n\n<li>Metin iki yana yasl\u0131<\/li>\n\n\n\n<li>Ana ba\u015fl\u0131k: 14 punto, kal\u0131n, ortal\u0131<\/li>\n\n\n\n<li>Alt ba\u015fl\u0131klar: 12 punto, kal\u0131n, sola yasl\u0131<\/li>\n\n\n\n<li>Yay\u0131n dili: <strong>T\u00fcrk\u00e7e<\/strong><\/li>\n\n\n\n<li>T\u00fcrk\u00e7e makalelerde <strong>\u0130ngilizce \u00f6zet<\/strong> zorunludur.&nbsp;<\/li>\n\n\n\n<li>\u00d6zetler tek paragraf halinde yaz\u0131lmal\u0131d\u0131r.<\/li>\n\n\n\n<li>Anahtar kelimeler: k\u00fc\u00e7\u00fck harfle, virg\u00fclle ayr\u0131lm\u0131\u015f ve kavramsal olmal\u0131d\u0131r (\u00f6r. \u201cr\u00fcya yorumu\u201d, \u201cbilin\u00e7d\u0131\u015f\u0131, \u201ctravma r\u00fcyalar\u0131\u201d)<\/li>\n\n\n\n<li>Dergide <strong>APA 7 <\/strong>kaynak g\u00f6sterme sistemi kullan\u0131l\u0131r. <\/li>\n<\/ul>\n\n\n\n<h4 class=\"wp-block-heading\"><strong>4. Makale Yap\u0131s\u0131<\/strong><\/h4>\n\n\n\n<ol class=\"wp-block-list\">\n<li>Ba\u015fl\u0131k (T\u00fcrk\u00e7e)<\/li>\n\n\n\n<li>\u00d6zet (150\u2013250 kelime)<\/li>\n\n\n\n<li>Anahtar Kelimeler (3\u20135 adet)<\/li>\n\n\n\n<li>Giri\u015f<\/li>\n\n\n\n<li>Y\u00f6ntem \/ Kuramsal \u00c7er\u00e7eve (ara\u015ft\u0131rma makalelerinde)<\/li>\n\n\n\n<li>Bulgular \/ Tart\u0131\u015fma&nbsp; (ara\u015ft\u0131rma makalelerinde)<\/li>\n\n\n\n<li>Sonu\u00e7<\/li>\n\n\n\n<li>Kaynak\u00e7a<\/li>\n<\/ol>\n\n\n\n<p><\/p>\n\n\n\n<h4 class=\"wp-block-heading\"><strong>5. Etik \u0130lkeler<\/strong><\/h4>\n\n\n\n<ul class=\"wp-block-list\">\n<li>Makaleler etik ilkelere uygun olmal\u0131d\u0131r. Makalelerde hi\u00e7bir din, dil, \u0131rk, cinsiyet veya canl\u0131 t\u00fcr\u00fcne ili\u015fkin ayr\u0131\u015ft\u0131r\u0131c\u0131 s\u00f6ylemler bulunmamal\u0131d\u0131r. <\/li>\n\n\n\n<li>\u0130nsan kat\u0131l\u0131mc\u0131lardan do\u011frudan veri toplanmas\u0131n\u0131 i\u00e7eren ara\u015ft\u0131rmalarda, ilgili etik kurul onay\u0131n\u0131n al\u0131nm\u0131\u015f olmas\u0131 beklenir.<\/li>\n\n\n\n<li>Klinik vakalarda <strong>anonimlik<\/strong> sa\u011flanmal\u0131d\u0131r.<\/li>\n\n\n\n<li>\u0130ntihal oran\u0131 kaynak\u00e7a hari\u00e7 %20\u2019nin \u00fczerinde olan \u00e7al\u0131\u015fmalar de\u011ferlendirmeye al\u0131nmaz.<\/li>\n\n\n\n<li>ONEIROCRITICA\u2019da yay\u0131mlanan makalelerde ifade edilen g\u00f6r\u00fc\u015fler ve i\u00e7erikler, yazar(lar)\u0131n kendisine aittir. Makalelerin bilimsel, etik ve hukuki sorumlulu\u011fu yazara\/yazarlara aittir. Dergi ve edit\u00f6rler, yay\u0131mlanan \u00e7al\u0131\u015fmalar\u0131n i\u00e7eri\u011finden do\u011fabilecek herhangi bir sorumluluk kabul etmez.<\/li>\n<\/ul>\n\n\n\n<h4 class=\"wp-block-heading\"><strong>6. Hakem De\u011ferlendirme S\u00fcreci<\/strong><\/h4>\n\n\n\n<ul class=\"wp-block-list\">\n<li>Dergide yay\u0131mlanan t\u00fcm bilimsel makaleler \u00e7ift k\u00f6r hakem de\u011ferlendirme s\u00fcrecinden ge\u00e7irilir.<\/li>\n\n\n\n<li>Yazar ve hakem kimlikleri kar\u015f\u0131l\u0131kl\u0131 olarak gizlidir.<\/li>\n\n\n\n<li>Her makale en az iki ba\u011f\u0131ms\u0131z hakem taraf\u0131ndan de\u011ferlendirilir.<\/li>\n\n\n\n<li>Hakem raporlar\u0131 do\u011frultusunda makale a\u015fa\u011f\u0131daki kararlardan biriyle sonu\u00e7land\u0131r\u0131l\u0131r:\n<ul class=\"wp-block-list\">\n<li>Kabul<\/li>\n\n\n\n<li>D\u00fczeltme<\/li>\n\n\n\n<li>Yeniden de\u011ferlendirme<\/li>\n\n\n\n<li>Ret kararlar\u0131ndan biriyle sonu\u00e7land\u0131r\u0131l\u0131r.<\/li>\n<\/ul>\n<\/li>\n<\/ul>\n\n\n\n<h4 class=\"wp-block-heading\"><strong>7. Dosya G\u00f6nderim \u015eekli<\/strong><\/h4>\n\n\n\n<h5 class=\"wp-block-heading\"><strong>Dosya ve Yazar Bilgileri<\/strong><\/h5>\n\n\n\n<ul class=\"wp-block-list\">\n<li>Dosya ad\u0131: \u201cyazar ad\u0131_yaz\u0131 ad\u0131_g\u00f6nderim tarihi\u201d \u015feklinde yaz\u0131lmal\u0131d\u0131r. Birden fazla yazar varsa ba\u015fyazar\u0131n ad\u0131 yaz\u0131lmal\u0131d\u0131r.&nbsp;<\/li>\n\n\n\n<li>Makale ba\u015fl\u0131\u011f\u0131<\/li>\n\n\n\n<li>Yazar(lar) ad\u0131-soyad\u0131<\/li>\n\n\n\n<li>Kurum bilgisi<\/li>\n\n\n\n<li>ORCID (varsa)<\/li>\n\n\n\n<li>E-posta adresi<\/li>\n\n\n\n<li>K\u0131sa biyografi (50\u201370 kelime)<\/li>\n<\/ul>\n\n\n\n<p><strong>\u00c7ok Yazarl\u0131 \u00c7al\u0131\u015fmalar ve Yazar Katk\u0131lar\u0131<\/strong><\/p>\n\n\n\n<p>Birden fazla yazarl\u0131 makalelerde, yazarl\u0131k s\u0131ralamas\u0131 yazarlar\u0131n ortak karar\u0131yla belirlenmelidir.<\/p>\n\n\n\n<p>Ba\u015f yazar (sorumlu yazar) a\u00e7\u0131k\u00e7a belirtilmeli ve edit\u00f6ryal s\u00fcre\u00e7 boyunca dergi ile yap\u0131lan t\u00fcm yaz\u0131\u015fmalardan sorumlu olmal\u0131d\u0131r.<\/p>\n\n\n\n<p>Her yazar\u0131n \u00e7al\u0131\u015fmaya olan katk\u0131s\u0131, makalenin sonunda \u201cYazar Katk\u0131 Beyan\u0131\u201d ba\u015fl\u0131\u011f\u0131 alt\u0131nda a\u00e7\u0131k\u00e7a belirtilmelidir.<\/p>\n\n\n\n<p><strong>Makalelerin g\u00f6nderilece\u011fi adres: <\/strong>ruyaarastirmalari@gmail.com<\/p>\n\n\n\n<p><strong>Son yaz\u0131 g\u00f6nderim tarihi: 30 Nisan 2026<\/strong><\/p>\n\n\n\n<h4 class=\"wp-block-heading\"><strong>8. Yay\u0131n Hakk\u0131<\/strong><\/h4>\n\n\n\n<ul class=\"wp-block-list\">\n<li>Kabul edilen \u00e7al\u0131\u015fmalar\u0131n yay\u0131n hakk\u0131 ONEIROCRITICA\u2019ya aittir.<\/li>\n\n\n\n<li>Yazarlar, makalelerini ki\u015fisel ve akademik ama\u00e7l\u0131 platformlarda kaynak g\u00f6stererek payla\u015fma hakk\u0131n\u0131 sakl\u0131 tutar.<\/li>\n<\/ul>\n\n\n\n<p><\/p>\n\n\n\n<p><strong>\u0130leti\u015fim: <\/strong>ruyaarastirmalari@gmail.com<\/p>\n\n\n\n<p><\/p>\n\n\n\n<p><\/p>\n\n\n\n<p class=\"has-text-align-center\"><\/p>\n\n\n\n<p><\/p>\n","protected":false},"excerpt":{"rendered":"<p>Oneirocritica: R\u00fcya Ara\u015ft\u0131rmalar\u0131 Dergisi, r\u00fcyay\u0131 yaln\u0131zca bireysel bir deneyim ya da klinik bir veri olarak de\u011fil; k\u00fclt\u00fcr, bellek, dil, tarih ve bilin\u00e7le i\u00e7 i\u00e7e ge\u00e7mi\u015f \u00e7ok katmanl\u0131 bir olgu olarak ele alan disiplinleraras\u0131 bir akademik dergidir. Ad\u0131n\u0131, M.S. 2. y\u00fczy\u0131lda ya\u015fam\u0131\u015f r\u00fcya yorumcusu Artemidorus\u2019un Oneirocritica adl\u0131 eserinden alan dergi, antik \u00e7a\u011fdan g\u00fcn\u00fcm\u00fcze uzanan r\u00fcya d\u00fc\u015f\u00fcncesi&hellip;&nbsp;<a href=\"https:\/\/ruyaenstitusu.com\/?page_id=2468\" rel=\"bookmark\">Daha fazlas\u0131n\u0131 oku &raquo;<span class=\"screen-reader-text\">ONEIROCRITICA: R\u00fcya Ara\u015ft\u0131rmalar\u0131 Dergisi<\/span><\/a><\/p>\n","protected":false},"author":1,"featured_media":0,"parent":0,"menu_order":0,"comment_status":"closed","ping_status":"closed","template":"","meta":{"neve_meta_sidebar":"","neve_meta_container":"","neve_meta_enable_content_width":"","neve_meta_content_width":0,"neve_meta_title_alignment":"","neve_meta_author_avatar":"","neve_post_elements_order":"","neve_meta_disable_header":"","neve_meta_disable_footer":"","neve_meta_disable_title":"","ngg_post_thumbnail":0,"footnotes":""},"class_list":["post-2468","page","type-page","status-publish","hentry"],"yoast_head":"<!-- This site is optimized with the Yoast SEO plugin v24.7 - https:\/\/yoast.com\/wordpress\/plugins\/seo\/ -->\n<title>ONEIROCRITICA: R\u00fcya Ara\u015ft\u0131rmalar\u0131 Dergisi - R\u00fcya Enstit\u00fcs\u00fc<\/title>\n<meta name=\"description\" content=\"Oneirocritica: R\u00fcya Ara\u015ft\u0131rmalar\u0131 Dergisi, r\u00fcyalar\u0131 klinik, k\u00fclt\u00fcr, bellek, dil, tarih ve bilin\u00e7le i\u00e7 i\u00e7e ge\u00e7mi\u015f \u00e7ok katmanl\u0131 bir olgu olarak ele alan disiplinleraras\u0131 bir akademik dergidir.\" \/>\n<meta name=\"robots\" content=\"index, follow, max-snippet:-1, max-image-preview:large, max-video-preview:-1\" \/>\n<link rel=\"canonical\" href=\"https:\/\/ruyaenstitusu.com\/?page_id=2468\" \/>\n<meta property=\"og:locale\" content=\"tr_TR\" \/>\n<meta property=\"og:locale:alternate\" content=\"en_US\" \/>\n<meta property=\"og:type\" content=\"article\" \/>\n<meta property=\"og:title\" content=\"ONEIROCRITICA: R\u00fcya Ara\u015ft\u0131rmalar\u0131 Dergisi\" \/>\n<meta property=\"og:description\" content=\"Oneirocritica: R\u00fcya Ara\u015ft\u0131rmalar\u0131 Dergisi, r\u00fcyalar\u0131 klinik, k\u00fclt\u00fcr, bellek, dil, tarih ve bilin\u00e7le i\u00e7 i\u00e7e ge\u00e7mi\u015f \u00e7ok katmanl\u0131 bir olgu olarak ele alan disiplinleraras\u0131 bir akademik dergidir.\" \/>\n<meta property=\"og:url\" content=\"https:\/\/ruyaenstitusu.com\/?page_id=2468\" \/>\n<meta property=\"og:site_name\" content=\"R\u00fcya Enstit\u00fcs\u00fc\" \/>\n<meta property=\"article:modified_time\" content=\"2026-02-03T15:08:01+00:00\" \/>\n<meta property=\"og:image\" content=\"https:\/\/ruyaenstitusu.com\/wp-content\/uploads\/2026\/01\/Oneirocritica-Dergi-1.png\" \/>\n\t<meta property=\"og:image:width\" content=\"1080\" \/>\n\t<meta property=\"og:image:height\" content=\"1350\" \/>\n\t<meta property=\"og:image:type\" content=\"image\/png\" \/>\n<meta name=\"twitter:card\" content=\"summary_large_image\" \/>\n<meta name=\"twitter:label1\" content=\"Tahmini okuma s\u00fcresi\" \/>\n\t<meta name=\"twitter:data1\" content=\"5 dakika\" \/>\n<script type=\"application\/ld+json\" class=\"yoast-schema-graph\">{\"@context\":\"https:\/\/schema.org\",\"@graph\":[{\"@type\":\"WebPage\",\"@id\":\"https:\/\/ruyaenstitusu.com\/?page_id=2468\",\"url\":\"https:\/\/ruyaenstitusu.com\/?page_id=2468\",\"name\":\"ONEIROCRITICA: R\u00fcya Ara\u015ft\u0131rmalar\u0131 Dergisi\",\"isPartOf\":{\"@id\":\"https:\/\/ruyaenstitusu.com\/#website\"},\"primaryImageOfPage\":{\"@id\":\"https:\/\/ruyaenstitusu.com\/?page_id=2468#primaryimage\"},\"image\":{\"@id\":\"https:\/\/ruyaenstitusu.com\/?page_id=2468#primaryimage\"},\"thumbnailUrl\":\"https:\/\/ruyaenstitusu.com\/wp-content\/uploads\/2026\/01\/Oneirocritica-Dergi-1-819x1024.png\",\"datePublished\":\"2026-01-26T09:02:46+00:00\",\"dateModified\":\"2026-02-03T15:08:01+00:00\",\"description\":\"Oneirocritica: R\u00fcya Ara\u015ft\u0131rmalar\u0131 Dergisi, r\u00fcyalar\u0131 klinik, k\u00fclt\u00fcr, bellek, dil, tarih ve bilin\u00e7le i\u00e7 i\u00e7e ge\u00e7mi\u015f \u00e7ok katmanl\u0131 bir olgu olarak ele alan disiplinleraras\u0131 bir akademik dergidir.\",\"breadcrumb\":{\"@id\":\"https:\/\/ruyaenstitusu.com\/?page_id=2468#breadcrumb\"},\"inLanguage\":\"tr-TR\",\"potentialAction\":[{\"@type\":\"ReadAction\",\"target\":[\"https:\/\/ruyaenstitusu.com\/?page_id=2468\"]}]},{\"@type\":\"ImageObject\",\"inLanguage\":\"tr-TR\",\"@id\":\"https:\/\/ruyaenstitusu.com\/?page_id=2468#primaryimage\",\"url\":\"https:\/\/ruyaenstitusu.com\/wp-content\/uploads\/2026\/01\/Oneirocritica-Dergi-1.png\",\"contentUrl\":\"https:\/\/ruyaenstitusu.com\/wp-content\/uploads\/2026\/01\/Oneirocritica-Dergi-1.png\",\"width\":1080,\"height\":1350},{\"@type\":\"BreadcrumbList\",\"@id\":\"https:\/\/ruyaenstitusu.com\/?page_id=2468#breadcrumb\",\"itemListElement\":[{\"@type\":\"ListItem\",\"position\":1,\"name\":\"Anasayfa\",\"item\":\"https:\/\/ruyaenstitusu.com\/\"},{\"@type\":\"ListItem\",\"position\":2,\"name\":\"ONEIROCRITICA: R\u00fcya Ara\u015ft\u0131rmalar\u0131 Dergisi\"}]},{\"@type\":\"WebSite\",\"@id\":\"https:\/\/ruyaenstitusu.com\/#website\",\"url\":\"https:\/\/ruyaenstitusu.com\/\",\"name\":\"R\u00fcya Enstit\u00fcs\u00fc\",\"description\":\"Psikolojide R\u00fcya \u00c7al\u0131\u015fmalar\u0131\u0131\",\"publisher\":{\"@id\":\"https:\/\/ruyaenstitusu.com\/#organization\"},\"potentialAction\":[{\"@type\":\"SearchAction\",\"target\":{\"@type\":\"EntryPoint\",\"urlTemplate\":\"https:\/\/ruyaenstitusu.com\/?s={search_term_string}\"},\"query-input\":{\"@type\":\"PropertyValueSpecification\",\"valueRequired\":true,\"valueName\":\"search_term_string\"}}],\"inLanguage\":\"tr-TR\"},{\"@type\":\"Organization\",\"@id\":\"https:\/\/ruyaenstitusu.com\/#organization\",\"name\":\"R\u00fcya Enstit\u00fcs\u00fc\",\"url\":\"https:\/\/ruyaenstitusu.com\/\",\"logo\":{\"@type\":\"ImageObject\",\"inLanguage\":\"tr-TR\",\"@id\":\"https:\/\/ruyaenstitusu.com\/#\/schema\/logo\/image\/\",\"url\":\"https:\/\/ruyaenstitusu.com\/wp-content\/uploads\/2024\/03\/cropped-Logo.png\",\"contentUrl\":\"https:\/\/ruyaenstitusu.com\/wp-content\/uploads\/2024\/03\/cropped-Logo.png\",\"width\":1080,\"height\":719,\"caption\":\"R\u00fcya Enstit\u00fcs\u00fc\"},\"image\":{\"@id\":\"https:\/\/ruyaenstitusu.com\/#\/schema\/logo\/image\/\"},\"sameAs\":[\"https:\/\/www.instagram.com\/ruyaenstitusu\/\"]}]}<\/script>\n<!-- \/ Yoast SEO plugin. -->","yoast_head_json":{"title":"ONEIROCRITICA: R\u00fcya Ara\u015ft\u0131rmalar\u0131 Dergisi - R\u00fcya Enstit\u00fcs\u00fc","description":"Oneirocritica: R\u00fcya Ara\u015ft\u0131rmalar\u0131 Dergisi, r\u00fcyalar\u0131 klinik, k\u00fclt\u00fcr, bellek, dil, tarih ve bilin\u00e7le i\u00e7 i\u00e7e ge\u00e7mi\u015f \u00e7ok katmanl\u0131 bir olgu olarak ele alan disiplinleraras\u0131 bir akademik dergidir.","robots":{"index":"index","follow":"follow","max-snippet":"max-snippet:-1","max-image-preview":"max-image-preview:large","max-video-preview":"max-video-preview:-1"},"canonical":"https:\/\/ruyaenstitusu.com\/?page_id=2468","og_locale":"tr_TR","og_type":"article","og_title":"[:tr]ONEIROCRITICA: R\u00fcya Ara\u015ft\u0131rmalar\u0131 Dergisi[:] - R\u00fcya Enstit\u00fcs\u00fc","og_description":"[:tr]Oneirocritica: R\u00fcya Ara\u015ft\u0131rmalar\u0131 Dergisi, r\u00fcyalar\u0131 klinik, k\u00fclt\u00fcr, bellek, dil, tarih ve bilin\u00e7le i\u00e7 i\u00e7e ge\u00e7mi\u015f \u00e7ok katmanl\u0131 bir olgu olarak ele alan disiplinleraras\u0131 bir akademik dergidir.[:]","og_url":"https:\/\/ruyaenstitusu.com\/?page_id=2468","og_site_name":"R\u00fcya Enstit\u00fcs\u00fc","article_modified_time":"2026-02-03T15:08:01+00:00","og_image":[{"width":1080,"height":1350,"url":"https:\/\/ruyaenstitusu.com\/wp-content\/uploads\/2026\/01\/Oneirocritica-Dergi-1.png","type":"image\/png"}],"twitter_card":"summary_large_image","twitter_misc":{"Tahmini okuma s\u00fcresi":"5 dakika"},"schema":{"@context":"https:\/\/schema.org","@graph":[{"@type":"WebPage","@id":"https:\/\/ruyaenstitusu.com\/?page_id=2468","url":"https:\/\/ruyaenstitusu.com\/?page_id=2468","name":"ONEIROCRITICA: R\u00fcya Ara\u015ft\u0131rmalar\u0131 Dergisi","isPartOf":{"@id":"https:\/\/ruyaenstitusu.com\/#website"},"primaryImageOfPage":{"@id":"https:\/\/ruyaenstitusu.com\/?page_id=2468#primaryimage"},"image":{"@id":"https:\/\/ruyaenstitusu.com\/?page_id=2468#primaryimage"},"thumbnailUrl":"https:\/\/ruyaenstitusu.com\/wp-content\/uploads\/2026\/01\/Oneirocritica-Dergi-1-819x1024.png","datePublished":"2026-01-26T09:02:46+00:00","dateModified":"2026-02-03T15:08:01+00:00","description":"Oneirocritica: R\u00fcya Ara\u015ft\u0131rmalar\u0131 Dergisi, r\u00fcyalar\u0131 klinik, k\u00fclt\u00fcr, bellek, dil, tarih ve bilin\u00e7le i\u00e7 i\u00e7e ge\u00e7mi\u015f \u00e7ok katmanl\u0131 bir olgu olarak ele alan disiplinleraras\u0131 bir akademik dergidir.","breadcrumb":{"@id":"https:\/\/ruyaenstitusu.com\/?page_id=2468#breadcrumb"},"inLanguage":"tr-TR","potentialAction":[{"@type":"ReadAction","target":["https:\/\/ruyaenstitusu.com\/?page_id=2468"]}]},{"@type":"ImageObject","inLanguage":"tr-TR","@id":"https:\/\/ruyaenstitusu.com\/?page_id=2468#primaryimage","url":"https:\/\/ruyaenstitusu.com\/wp-content\/uploads\/2026\/01\/Oneirocritica-Dergi-1.png","contentUrl":"https:\/\/ruyaenstitusu.com\/wp-content\/uploads\/2026\/01\/Oneirocritica-Dergi-1.png","width":1080,"height":1350},{"@type":"BreadcrumbList","@id":"https:\/\/ruyaenstitusu.com\/?page_id=2468#breadcrumb","itemListElement":[{"@type":"ListItem","position":1,"name":"Anasayfa","item":"https:\/\/ruyaenstitusu.com\/"},{"@type":"ListItem","position":2,"name":"ONEIROCRITICA: R\u00fcya Ara\u015ft\u0131rmalar\u0131 Dergisi"}]},{"@type":"WebSite","@id":"https:\/\/ruyaenstitusu.com\/#website","url":"https:\/\/ruyaenstitusu.com\/","name":"R\u00fcya Enstit\u00fcs\u00fc","description":"Psikolojide R\u00fcya \u00c7al\u0131\u015fmalar\u0131\u0131","publisher":{"@id":"https:\/\/ruyaenstitusu.com\/#organization"},"potentialAction":[{"@type":"SearchAction","target":{"@type":"EntryPoint","urlTemplate":"https:\/\/ruyaenstitusu.com\/?s={search_term_string}"},"query-input":{"@type":"PropertyValueSpecification","valueRequired":true,"valueName":"search_term_string"}}],"inLanguage":"tr-TR"},{"@type":"Organization","@id":"https:\/\/ruyaenstitusu.com\/#organization","name":"R\u00fcya Enstit\u00fcs\u00fc","url":"https:\/\/ruyaenstitusu.com\/","logo":{"@type":"ImageObject","inLanguage":"tr-TR","@id":"https:\/\/ruyaenstitusu.com\/#\/schema\/logo\/image\/","url":"https:\/\/ruyaenstitusu.com\/wp-content\/uploads\/2024\/03\/cropped-Logo.png","contentUrl":"https:\/\/ruyaenstitusu.com\/wp-content\/uploads\/2024\/03\/cropped-Logo.png","width":1080,"height":719,"caption":"R\u00fcya Enstit\u00fcs\u00fc"},"image":{"@id":"https:\/\/ruyaenstitusu.com\/#\/schema\/logo\/image\/"},"sameAs":["https:\/\/www.instagram.com\/ruyaenstitusu\/"]}]}},"_links":{"self":[{"href":"https:\/\/ruyaenstitusu.com\/index.php?rest_route=\/wp\/v2\/pages\/2468","targetHints":{"allow":["GET"]}}],"collection":[{"href":"https:\/\/ruyaenstitusu.com\/index.php?rest_route=\/wp\/v2\/pages"}],"about":[{"href":"https:\/\/ruyaenstitusu.com\/index.php?rest_route=\/wp\/v2\/types\/page"}],"author":[{"embeddable":true,"href":"https:\/\/ruyaenstitusu.com\/index.php?rest_route=\/wp\/v2\/users\/1"}],"replies":[{"embeddable":true,"href":"https:\/\/ruyaenstitusu.com\/index.php?rest_route=%2Fwp%2Fv2%2Fcomments&post=2468"}],"version-history":[{"count":18,"href":"https:\/\/ruyaenstitusu.com\/index.php?rest_route=\/wp\/v2\/pages\/2468\/revisions"}],"predecessor-version":[{"id":2499,"href":"https:\/\/ruyaenstitusu.com\/index.php?rest_route=\/wp\/v2\/pages\/2468\/revisions\/2499"}],"wp:attachment":[{"href":"https:\/\/ruyaenstitusu.com\/index.php?rest_route=%2Fwp%2Fv2%2Fmedia&parent=2468"}],"curies":[{"name":"wp","href":"https:\/\/api.w.org\/{rel}","templated":true}]}}