{"id":2267,"date":"2025-11-06T15:15:05","date_gmt":"2025-11-06T12:15:05","guid":{"rendered":"https:\/\/ruyaenstitusu.com\/?page_id=2267"},"modified":"2025-12-01T16:14:45","modified_gmt":"2025-12-01T13:14:45","slug":"3rd-interdisciplinary-dream-symposium","status":"publish","type":"page","link":"https:\/\/ruyaenstitusu.com\/?page_id=2267","title":{"rendered":"3rd Interdisciplinary Dream Symposium"},"content":{"rendered":"\n<figure class=\"wp-block-image size-large is-resized\"><img fetchpriority=\"high\" decoding=\"async\" width=\"819\" height=\"1024\" src=\"https:\/\/ruyaenstitusu.com\/wp-content\/uploads\/2025\/11\/1-2-819x1024.png\" alt=\"\" class=\"wp-image-2269\" style=\"width:636px;height:auto\" srcset=\"https:\/\/ruyaenstitusu.com\/wp-content\/uploads\/2025\/11\/1-2-819x1024.png 819w, https:\/\/ruyaenstitusu.com\/wp-content\/uploads\/2025\/11\/1-2-240x300.png 240w, https:\/\/ruyaenstitusu.com\/wp-content\/uploads\/2025\/11\/1-2-768x960.png 768w, https:\/\/ruyaenstitusu.com\/wp-content\/uploads\/2025\/11\/1-2.png 1080w\" sizes=\"(max-width: 819px) 100vw, 819px\" \/><\/figure>\n\n\n\n<p><strong>Registrations Are Now Open for the 3rd Interdisciplinary Dream Symposium!<\/strong><\/p>\n\n\n\n<p>\ud83d\udcc5 <strong>Symposium Dates:<\/strong> December 6\u20137, 2025 | 10:00 \u2013 17:00 (Istanbul)<br>\ud83d\udccd <strong>Location:<\/strong> Zoom | Online<\/p>\n\n\n\n<p>The <em>Interdisciplinary Dream Symposium<\/em>, which brings together the scientific, artistic, and cultural dimensions of dreams, is being held for the third time!<\/p>\n\n\n\n<p>Once again this year, we invite physicians, therapists, academics, artists, and independent researchers who <em>think, explore, write, and create<\/em> around the phenomenon of dreams to join us at this unique symposium\u2014where we will explore dreams through the perspectives of <strong>Psychology, Philosophy, Sociology, Art, and Technology.<\/strong><\/p>\n\n\n\n<p><strong>Symposium Topics and Speakers<\/strong><\/p>\n\n\n\n<p>December 6, Saturday (Istanbul Time)<\/p>\n\n\n\n<p><strong>10.00 &#8211; <strong><em><strong>\u201cThe Science and Art of Lucid Dreaming\u201d<\/strong><br><\/em><\/strong><\/strong><em>Melinda Powell | Co-Founder of the Dream Research Institute (UK) \u2013 Instructor \u2013 Author<\/em><\/p>\n\n\n\n<p><strong>11.00 &#8211;<\/strong> <strong>\u201cQuestioning and Transforming Dream, Vision, and Unconscious Imagery in Art\u201d<\/strong><br>Sedat G\u00f6k\u00e7e | Artist \u2013 Lecturer<\/p>\n\n\n\n<p><strong>12.00 &#8211; \u201cPerinatal Psychology and Dreams\u201d<\/strong><br>Noa H. Duru | Instructor \u2013 Researcher<\/p>\n\n\n\n<p><strong>13.00 &#8211; \u201cThe Relationship Between Waking Life and Dreaming: Empirical Findings\u201d<\/strong><br>Prof. Dr. Michael Schredl | Professor \u2013 Researcher \u2013 Central Institute of Mental Health, Medical Faculty Mannheim\/Heidelberg University<\/p>\n\n\n\n<p><strong>14.30 &#8211; \u201cA Way To Work With Everyday Dreams\u201d<\/strong><br>Dr. Art Funkhouser | C.G. Jung Institute Z\u00fcrich<\/p>\n\n\n\n<p><strong>15.30 &#8211; \u201cVirtual Reality and Dreams\u201d<\/strong><br>Markus Berger | Lecturer<\/p>\n\n\n\n<p><strong>16.30 &#8211; <strong>\u201cSleep and Dreams: Getting Lost in the Labyrinths of the Mind\u201d<\/strong><br><\/strong>Prof. Dr. Cengiz \u00c7akmak | Head of the Department of Philosophy<\/p>\n\n\n\n<p>December 7, Sunday<\/p>\n\n\n\n<p><strong>09.00 &#8211;<\/strong> <strong>\u201cDream Interpretation: Ancient Practices and Modern Technologies\u201d<\/strong><br>Kelly Bulkeley | Editor of APA <em>Dreaming<\/em> Journal \u2013 Dream Researcher \u2013 Author<\/p>\n\n\n\n<p><strong>10.00 &#8211; \u201cThe Sociology of Dreams\u201d<\/strong><br>Emek Ilgaz | Sociologist<\/p>\n\n\n\n<p><strong>10.30 &#8211; \u201cTypical and Recurrent Dream Themes of Anatolia\u201d<\/strong><br>Ali R\u0131za Duru | Psychological Counselor \u2013 Instructor<\/p>\n\n\n\n<p><strong>11.30 &#8211; \u201cSemiotic Analysis of Dreams: Image, Symbol, and Meaning Production\u201d<\/strong><br>Prof. Dr. Song\u00fcl Aslan | Professor<\/p>\n\n\n\n<p><strong>12.10 &#8211; \u201cI Can\u2019t Sleep! But Why?\u201d<\/strong><br>Dr. Ceren Korulsan | Psychoanalyst \u2013 Psychiatrist<\/p>\n\n\n\n<p><strong>13.10 &#8211; \u201cGroup Psyche and Dreams\u201d<\/strong><br>Dr. Cemal Dindar | Psychiatrist \u2013 Author \u2013 Founding Member of the Association for Psychotherapy for the People<\/p>\n\n\n\n<p><strong>14.10 &#8211; \u201cDream Studies in Lacanian Psychoanalysis\u201d<\/strong><br>Dr. \u00d6zg\u00fcr \u00d6\u011f\u00fctcen | Psychiatrist \u2013 Author<\/p>\n\n\n\n<p><strong>15.10 &#8211; \u201cDream Texts in Classical Turkish Literature\u201d<\/strong><br>Prof. Dr. Erdem Sar\u0131kaya | Professor<\/p>\n\n\n\n<p><\/p>\n\n\n\n<p><strong>Attention:<\/strong> The primary language of the symposium is Turkish. The talks of the four international speakers will be translated into Turkish. However, the 11 Turkish speakers will not be translated into English. Therefore, you can only attend the symposium for the four international speakers or register to attend the entire symposium in Turkish.<\/p>\n\n\n\n<p><\/p>\n\n\n\n<h5 class=\"wp-block-heading\"><strong>Symposium Participation Fees<\/strong><\/h5>\n\n\n\n<p><strong>General Admission:<\/strong> 40 Euro<br><strong>Student Admission:<\/strong> 20 Euro (For students under 25 years old)<\/p>\n\n\n\n<p>Those who wish to register from international countries can participate in the symposium by paying via <strong>Wise<\/strong> account.<\/p>\n\n\n\n<p>\ud83d\udcc5 <strong>Symposium Dates:<\/strong> December 6\u20137, 2025 | <strong>Time:<\/strong> 10:00 \u2013 17:30<\/p>\n\n\n\n<p>\ud83d\uddd3\ufe0f <strong>Registration Deadline:<\/strong> December 4, 2025<\/p>\n\n\n\n<p><\/p>\n\n\n\n<p>\ud83d\udcdc <strong>A Certificate of Participation<\/strong> will be provided to all participants.<\/p>\n\n\n\n<p>\ud83d\udc65 <strong>Open to Everyone.<\/strong><\/p>\n\n\n\n<h6 class=\"wp-block-heading\"><strong>Symposium Organizing Committee<\/strong><\/h6>\n\n\n\n<p><strong>Ali R\u0131za Duru<\/strong> | <strong>Noa H. Duru<\/strong><\/p>\n\n\n\n<p>For register please contact: institutofdreams@gmail.com<\/p>\n\n\n\n<p><\/p>\n","protected":false},"excerpt":{"rendered":"<p>Registrations Are Now Open for the 3rd Interdisciplinary Dream Symposium! \ud83d\udcc5 Symposium Dates: December 6\u20137, 2025 | 10:00 \u2013 17:00 (Istanbul)\ud83d\udccd Location: Zoom | Online The Interdisciplinary Dream Symposium, which brings together the scientific, artistic, and cultural dimensions of dreams, is being held for the third time! Once again this year, we invite physicians, therapists,&hellip;&nbsp;<a href=\"https:\/\/ruyaenstitusu.com\/?page_id=2267\" rel=\"bookmark\">Daha fazlas\u0131n\u0131 oku &raquo;<span class=\"screen-reader-text\">3rd Interdisciplinary Dream Symposium<\/span><\/a><\/p>\n","protected":false},"author":1,"featured_media":0,"parent":0,"menu_order":0,"comment_status":"closed","ping_status":"closed","template":"","meta":{"neve_meta_sidebar":"","neve_meta_container":"","neve_meta_enable_content_width":"","neve_meta_content_width":0,"neve_meta_title_alignment":"","neve_meta_author_avatar":"","neve_post_elements_order":"","neve_meta_disable_header":"","neve_meta_disable_footer":"","neve_meta_disable_title":"","ngg_post_thumbnail":0,"footnotes":""},"class_list":["post-2267","page","type-page","status-publish","hentry"],"yoast_head":"<!-- This site is optimized with the Yoast SEO plugin v24.7 - https:\/\/yoast.com\/wordpress\/plugins\/seo\/ -->\n<title>3rd Interdisciplinary Dream Symposium - R\u00fcya Enstit\u00fcs\u00fc<\/title>\n<meta name=\"robots\" content=\"index, follow, max-snippet:-1, max-image-preview:large, max-video-preview:-1\" \/>\n<link rel=\"canonical\" href=\"https:\/\/ruyaenstitusu.com\/?page_id=2267\" \/>\n<meta property=\"og:locale\" content=\"tr_TR\" \/>\n<meta property=\"og:locale:alternate\" content=\"en_US\" \/>\n<meta property=\"og:type\" content=\"article\" \/>\n<meta property=\"og:title\" content=\"3rd Interdisciplinary Dream Symposium\" \/>\n<meta property=\"og:description\" content=\"Registrations Are Now Open for the 3rd Interdisciplinary Dream Symposium! \ud83d\udcc5 Symposium Dates: December 6\u20137, 2025 | 10:00 \u2013 17:00 (Istanbul)\ud83d\udccd Location: Zoom | Online The Interdisciplinary Dream Symposium, which brings together the scientific, artistic, and cultural dimensions of dreams, is being held for the third time! Once again this year, we invite physicians, therapists,&hellip;&nbsp;Daha fazlas\u0131n\u0131 oku &raquo;3rd Interdisciplinary Dream Symposium\" \/>\n<meta property=\"og:url\" content=\"https:\/\/ruyaenstitusu.com\/?page_id=2267\" \/>\n<meta property=\"og:site_name\" content=\"R\u00fcya Enstit\u00fcs\u00fc\" \/>\n<meta property=\"article:modified_time\" content=\"2025-12-01T13:14:45+00:00\" \/>\n<meta property=\"og:image\" content=\"https:\/\/ruyaenstitusu.com\/wp-content\/uploads\/2025\/11\/1-2.png\" \/>\n\t<meta property=\"og:image:width\" content=\"1080\" \/>\n\t<meta property=\"og:image:height\" content=\"1350\" \/>\n\t<meta property=\"og:image:type\" content=\"image\/png\" \/>\n<meta name=\"twitter:card\" content=\"summary_large_image\" \/>\n<meta name=\"twitter:label1\" content=\"Tahmini okuma s\u00fcresi\" \/>\n\t<meta name=\"twitter:data1\" content=\"4 dakika\" \/>\n<script type=\"application\/ld+json\" class=\"yoast-schema-graph\">{\"@context\":\"https:\/\/schema.org\",\"@graph\":[{\"@type\":\"WebPage\",\"@id\":\"https:\/\/ruyaenstitusu.com\/?page_id=2267\",\"url\":\"https:\/\/ruyaenstitusu.com\/?page_id=2267\",\"name\":\"3rd Interdisciplinary Dream Symposium\",\"isPartOf\":{\"@id\":\"https:\/\/ruyaenstitusu.com\/#website\"},\"primaryImageOfPage\":{\"@id\":\"https:\/\/ruyaenstitusu.com\/?page_id=2267#primaryimage\"},\"image\":{\"@id\":\"https:\/\/ruyaenstitusu.com\/?page_id=2267#primaryimage\"},\"thumbnailUrl\":\"https:\/\/ruyaenstitusu.com\/wp-content\/uploads\/2025\/11\/1-2-819x1024.png\",\"datePublished\":\"2025-11-06T12:15:05+00:00\",\"dateModified\":\"2025-12-01T13:14:45+00:00\",\"breadcrumb\":{\"@id\":\"https:\/\/ruyaenstitusu.com\/?page_id=2267#breadcrumb\"},\"inLanguage\":\"tr-TR\",\"potentialAction\":[{\"@type\":\"ReadAction\",\"target\":[\"https:\/\/ruyaenstitusu.com\/?page_id=2267\"]}]},{\"@type\":\"ImageObject\",\"inLanguage\":\"tr-TR\",\"@id\":\"https:\/\/ruyaenstitusu.com\/?page_id=2267#primaryimage\",\"url\":\"https:\/\/ruyaenstitusu.com\/wp-content\/uploads\/2025\/11\/1-2.png\",\"contentUrl\":\"https:\/\/ruyaenstitusu.com\/wp-content\/uploads\/2025\/11\/1-2.png\",\"width\":1080,\"height\":1350},{\"@type\":\"BreadcrumbList\",\"@id\":\"https:\/\/ruyaenstitusu.com\/?page_id=2267#breadcrumb\",\"itemListElement\":[{\"@type\":\"ListItem\",\"position\":1,\"name\":\"Anasayfa\",\"item\":\"https:\/\/ruyaenstitusu.com\/\"},{\"@type\":\"ListItem\",\"position\":2,\"name\":\"3rd Interdisciplinary Dream Symposium\"}]},{\"@type\":\"WebSite\",\"@id\":\"https:\/\/ruyaenstitusu.com\/#website\",\"url\":\"https:\/\/ruyaenstitusu.com\/\",\"name\":\"R\u00fcya Enstit\u00fcs\u00fc\",\"description\":\"Psikolojide R\u00fcya \u00c7al\u0131\u015fmalar\u0131\u0131\",\"publisher\":{\"@id\":\"https:\/\/ruyaenstitusu.com\/#organization\"},\"potentialAction\":[{\"@type\":\"SearchAction\",\"target\":{\"@type\":\"EntryPoint\",\"urlTemplate\":\"https:\/\/ruyaenstitusu.com\/?s={search_term_string}\"},\"query-input\":{\"@type\":\"PropertyValueSpecification\",\"valueRequired\":true,\"valueName\":\"search_term_string\"}}],\"inLanguage\":\"tr-TR\"},{\"@type\":\"Organization\",\"@id\":\"https:\/\/ruyaenstitusu.com\/#organization\",\"name\":\"R\u00fcya Enstit\u00fcs\u00fc\",\"url\":\"https:\/\/ruyaenstitusu.com\/\",\"logo\":{\"@type\":\"ImageObject\",\"inLanguage\":\"tr-TR\",\"@id\":\"https:\/\/ruyaenstitusu.com\/#\/schema\/logo\/image\/\",\"url\":\"https:\/\/ruyaenstitusu.com\/wp-content\/uploads\/2024\/03\/cropped-Logo.png\",\"contentUrl\":\"https:\/\/ruyaenstitusu.com\/wp-content\/uploads\/2024\/03\/cropped-Logo.png\",\"width\":1080,\"height\":719,\"caption\":\"R\u00fcya Enstit\u00fcs\u00fc\"},\"image\":{\"@id\":\"https:\/\/ruyaenstitusu.com\/#\/schema\/logo\/image\/\"},\"sameAs\":[\"https:\/\/www.instagram.com\/ruyaenstitusu\/\"]}]}<\/script>\n<!-- \/ Yoast SEO plugin. -->","yoast_head_json":{"title":"3rd Interdisciplinary Dream Symposium - R\u00fcya Enstit\u00fcs\u00fc","robots":{"index":"index","follow":"follow","max-snippet":"max-snippet:-1","max-image-preview":"max-image-preview:large","max-video-preview":"max-video-preview:-1"},"canonical":"https:\/\/ruyaenstitusu.com\/?page_id=2267","og_locale":"tr_TR","og_type":"article","og_title":"[:tr]3rd Interdisciplinary Dream Symposium[:] - R\u00fcya Enstit\u00fcs\u00fc","og_description":"Registrations Are Now Open for the 3rd Interdisciplinary Dream Symposium! \ud83d\udcc5 Symposium Dates: December 6\u20137, 2025 | 10:00 \u2013 17:00 (Istanbul)\ud83d\udccd Location: Zoom | Online The Interdisciplinary Dream Symposium, which brings together the scientific, artistic, and cultural dimensions of dreams, is being held for the third time! Once again this year, we invite physicians, therapists,&hellip;&nbsp;Daha fazlas\u0131n\u0131 oku &raquo;3rd Interdisciplinary Dream Symposium","og_url":"https:\/\/ruyaenstitusu.com\/?page_id=2267","og_site_name":"R\u00fcya Enstit\u00fcs\u00fc","article_modified_time":"2025-12-01T13:14:45+00:00","og_image":[{"width":1080,"height":1350,"url":"https:\/\/ruyaenstitusu.com\/wp-content\/uploads\/2025\/11\/1-2.png","type":"image\/png"}],"twitter_card":"summary_large_image","twitter_misc":{"Tahmini okuma s\u00fcresi":"4 dakika"},"schema":{"@context":"https:\/\/schema.org","@graph":[{"@type":"WebPage","@id":"https:\/\/ruyaenstitusu.com\/?page_id=2267","url":"https:\/\/ruyaenstitusu.com\/?page_id=2267","name":"3rd Interdisciplinary Dream Symposium","isPartOf":{"@id":"https:\/\/ruyaenstitusu.com\/#website"},"primaryImageOfPage":{"@id":"https:\/\/ruyaenstitusu.com\/?page_id=2267#primaryimage"},"image":{"@id":"https:\/\/ruyaenstitusu.com\/?page_id=2267#primaryimage"},"thumbnailUrl":"https:\/\/ruyaenstitusu.com\/wp-content\/uploads\/2025\/11\/1-2-819x1024.png","datePublished":"2025-11-06T12:15:05+00:00","dateModified":"2025-12-01T13:14:45+00:00","breadcrumb":{"@id":"https:\/\/ruyaenstitusu.com\/?page_id=2267#breadcrumb"},"inLanguage":"tr-TR","potentialAction":[{"@type":"ReadAction","target":["https:\/\/ruyaenstitusu.com\/?page_id=2267"]}]},{"@type":"ImageObject","inLanguage":"tr-TR","@id":"https:\/\/ruyaenstitusu.com\/?page_id=2267#primaryimage","url":"https:\/\/ruyaenstitusu.com\/wp-content\/uploads\/2025\/11\/1-2.png","contentUrl":"https:\/\/ruyaenstitusu.com\/wp-content\/uploads\/2025\/11\/1-2.png","width":1080,"height":1350},{"@type":"BreadcrumbList","@id":"https:\/\/ruyaenstitusu.com\/?page_id=2267#breadcrumb","itemListElement":[{"@type":"ListItem","position":1,"name":"Anasayfa","item":"https:\/\/ruyaenstitusu.com\/"},{"@type":"ListItem","position":2,"name":"3rd Interdisciplinary Dream Symposium"}]},{"@type":"WebSite","@id":"https:\/\/ruyaenstitusu.com\/#website","url":"https:\/\/ruyaenstitusu.com\/","name":"R\u00fcya Enstit\u00fcs\u00fc","description":"Psikolojide R\u00fcya \u00c7al\u0131\u015fmalar\u0131\u0131","publisher":{"@id":"https:\/\/ruyaenstitusu.com\/#organization"},"potentialAction":[{"@type":"SearchAction","target":{"@type":"EntryPoint","urlTemplate":"https:\/\/ruyaenstitusu.com\/?s={search_term_string}"},"query-input":{"@type":"PropertyValueSpecification","valueRequired":true,"valueName":"search_term_string"}}],"inLanguage":"tr-TR"},{"@type":"Organization","@id":"https:\/\/ruyaenstitusu.com\/#organization","name":"R\u00fcya Enstit\u00fcs\u00fc","url":"https:\/\/ruyaenstitusu.com\/","logo":{"@type":"ImageObject","inLanguage":"tr-TR","@id":"https:\/\/ruyaenstitusu.com\/#\/schema\/logo\/image\/","url":"https:\/\/ruyaenstitusu.com\/wp-content\/uploads\/2024\/03\/cropped-Logo.png","contentUrl":"https:\/\/ruyaenstitusu.com\/wp-content\/uploads\/2024\/03\/cropped-Logo.png","width":1080,"height":719,"caption":"R\u00fcya Enstit\u00fcs\u00fc"},"image":{"@id":"https:\/\/ruyaenstitusu.com\/#\/schema\/logo\/image\/"},"sameAs":["https:\/\/www.instagram.com\/ruyaenstitusu\/"]}]}},"_links":{"self":[{"href":"https:\/\/ruyaenstitusu.com\/index.php?rest_route=\/wp\/v2\/pages\/2267","targetHints":{"allow":["GET"]}}],"collection":[{"href":"https:\/\/ruyaenstitusu.com\/index.php?rest_route=\/wp\/v2\/pages"}],"about":[{"href":"https:\/\/ruyaenstitusu.com\/index.php?rest_route=\/wp\/v2\/types\/page"}],"author":[{"embeddable":true,"href":"https:\/\/ruyaenstitusu.com\/index.php?rest_route=\/wp\/v2\/users\/1"}],"replies":[{"embeddable":true,"href":"https:\/\/ruyaenstitusu.com\/index.php?rest_route=%2Fwp%2Fv2%2Fcomments&post=2267"}],"version-history":[{"count":6,"href":"https:\/\/ruyaenstitusu.com\/index.php?rest_route=\/wp\/v2\/pages\/2267\/revisions"}],"predecessor-version":[{"id":2307,"href":"https:\/\/ruyaenstitusu.com\/index.php?rest_route=\/wp\/v2\/pages\/2267\/revisions\/2307"}],"wp:attachment":[{"href":"https:\/\/ruyaenstitusu.com\/index.php?rest_route=%2Fwp%2Fv2%2Fmedia&parent=2267"}],"curies":[{"name":"wp","href":"https:\/\/api.w.org\/{rel}","templated":true}]}}